d - 64. Let m = u - -19. Determine i(m).
7
Let c(p) = -p**2 + 3*p - 10. Let u be (-120 - -142) + -15 + -1. Calculate c(u).
-28
Let b(c) be the third derivative of -17*c**4/6 + 24*c**3 - 2*c**2 - 6*c + 78. Give b(2).
8
Let z(j) = -3*j**2 + 12*j - 6. Let s(x) = 4*x**2 - 13*x + 7. Let d(a) = 5*s(a) + 6*z(a). Let v(w) = -78*w + 3. Let r be v(-1). Let m = 76 - r. Determine d(m).
14
Let p(n) = 39*n - 146. Let g(l) = -78*l + 320. Let b(w) = -3*g(w) - 5*p(w). Calculate b(6).
4
Let b be (1/(-1))/(-2 - -1) + (64 - 77). Let k(y) = y**3 + 13*y**2 + 9*y + 10. Give k(b).
46
Let g(i) = 14*i**2 - 4*i - 4. Let o(s) = 3 + 13*s**2 + 3*s - 54*s**2 + 14*s**2 + 12*s**2. Let t(b) = 2*g(b) + 3*o(b). What is t(-1)?
-17
Let q be (-1)/(-1 + 2) + 101. Let o be 240/q*5/3. Let l(d) = d**3 - 4*d**2 + 1. Give l(o).
1
Suppose -2*o + q = -7, 5*o + 3*q - 160 = -126. Let f(m) = -m**2 + 5*m + 7. What is f(o)?
7
Let i be -15 - (20/25)/(1/(-10)). Let q(s) = -2*s**3 - 14*s**2 + 2*s + 11. Give q(i).
-3
Let s(x) = -5*x**3 + 5*x**2 + 5*x - 7. Let k(m) = -4*m**3 + 3*m**2 + 5*m - 5. Let a = 629 - 632. Let q(j) = a*s(j) + 4*k(j). What is q(-5)?
26
Let f(h) = 16*h**3 - 11*h**2 - 11*h - 11. Let i(d) = -21*d**3 + 12*d**2 + 12*d + 11. Let g(m) = 4*f(m) + 3*i(m). Suppose 12 = 2*q - 6. What is g(q)?
-2
Let l be 198/81 - (-8)/(-18). Let f(s) = 13*s**2 + 3*s - 12*s**l - 7*s. Give f(5).
5
Let v(z) be the first derivative of -1/3*z**3 - 3/2*z**2 + 2*z - 30. Let l be (3/2 + -1)/(18/(-180)). Calculate v(l).
-8
Let o(m) = -2*m**2 + 12*m + 2. Let p be o(6). Let y(b) = -2*b**p + 24 + 16 - 45 + 3*b**2 + 2*b. Give y(-6).
19
Suppose -11*a = -8*a - 3*k - 192, k - 122 = -2*a. Suppose -59*m = -a*m + 18. Let v(n) = -n**3 + 6*n**2 - 5*n - 3. Give v(m).
-33
Let h(i) = -10*i + 18. Let v(w) = w**2 + 419*w - 6504. Let r be v(15). Give h(r).
-42
Let s(g) = -4*g**2 - 44*g + 4. Let a be 18*(-2 - 8/(-6)) + 8 + -7. Determine s(a).
4
Let n = 11 - 41. Let z = 50 + n. Suppose k = -k - 4*a + 18, -z = -4*a. Let v(p) = -7*p**2. Give v(k).
-7
Suppose 0 = 4*c - 0*c - 40. Let t(w) be the first derivative of w**4/4 - 3*w**3 - 11*w**2/2 + 13*w + 395105. Determine t(c).
3
Let o(u) = -85*u**3 + u**2 - 2*u + 1. Suppose 10*r - 39 = -23*r - 6. Determine o(r).
-85
Let m(z) be the first derivative of -3/2*z**2 - 2*z + 126. Let r(d) = d**3 - 4*d**2 - 6*d. Let h be r(5). Determine m(h).
13
Let t(l) = 3*l - 110. Let q(x) = 9*x - 334. Let p(o) = 3*q(o) - 8*t(o). Determine p(42).
4
Let f(d) = -7 - 12*d + 12*d + d**3 - 6*d**2. Suppose 0 = -4*x + u + 948, u - 932 = -4*x - 2*u. Let h = 242 - x. What is f(h)?
-7
Let f(z) = -z**3 + 11*z**2 + 10*z + 5. Let n(p) = -6*p**3 + 56*p**2 + 51*p + 26. Let h(t) = -11*f(t) + 2*n(t). Let s = 129479 - 129487. Determine h(s).
-3
Let p(c) = c**3 - 4*c**2 + c + 19. Suppose -210*n - 64*n = 185*n - 1836. What is p(n)?
23
Let k = 119 - 117. Let w(h) = 2670 - k*h - 2670. What is w(-3)?
6
Let m(g) = 3*g**2 - 67*g - 10. Let j(k) = 8*k**2 - 160*k - 21. Let b(z) = 2*j(z) - 5*m(z). What is b(-14)?
-6
Let c(k) = 5*k**3 + 9*k**2 - 2*k - 3. Let b(a) = -4*a**3 - 8*a**2 + a + 2. Let u be 8/(-20) - (5 - (-84)/(-35)). Let s(y) = u*c(y) - 4*b(y). Determine s(-5).
-9
Let w(a) be the first derivative of a**2 + 3*a + 1. Suppose -48*n = -50*n + 8. Suppose n*g + 5*o + 35 = -0*g, -5*o = -2*g + 5. Calculate w(g).
-7
Suppose 216*v + 2*a = 211*v - 1, -3*v + 2*a = -9. Let k(f) = -4*f**2 - 3*f + 1. What is k(v)?
-6
Let l(t) = t**3 + 7*t**2 + 6*t - 1. Let y be 16 - (35 + 9 + -22). Let v be 5 + -2 + 0/2. Let g be -2*2 + y/v. Give l(g).
-1
Let p(r) = 0*r**3 - 18*r**3 + r - 6*r**3 - 4*r**3. What is p(-1)?
27
Let j(u) = -3*u**3 - 15*u**2 - 43*u + 13. Let l(c) = 4*c**3 + 15*c**2 + 40*c - 12. Let v(t) = 5*j(t) + 4*l(t). Calculate v(18).
-1
Let f(b) be the first derivative of -b**4/4 - 10*b**3 - 83*b**2/2 - 58*b + 891. Give f(-27).
-4
Let h(o) be the second derivative of -25*o - o**2 + 2 + 1/6*o**3. Calculate h(2).
0
Let y(u) = -7*u + 2. Let d(w) = -18*w + 2. Let s(o) = d(o) - 3*y(o). Let g = 25 + -21. Calculate s(g).
8
Let s(q) be the third derivative of 0*q + 0 + 1/24*q**4 + 1/3*q**3 - q**2. Let m = 118 + -120. Give s(m).
0
Let r(p) = -31*p - 110. Let t(z) = 17*z + 59. Let f(w) = 6*r(w) + 11*t(w). Give f(6).
-5
Let a(t) be the first derivative of 5*t**2/2 + 4*t - 1270. Let g(s) = s**2 + s + 2. Let q be g(0). Calculate a(q).
14
Let a(h) be the first derivative of h**4/4 - 2*h**3/3 - h**2/2 + 9*h + 1448. Give a(0).
9
Let y be (3/(-4))/((-42)/168). Suppose 4*u - 3*u = -y*o + 1, 2*u = 2*o + 2. Let p(j) = j**2 + 2*j + 5. Determine p(o).
5
Let j(o) = -1. Let d(x) = x + 1. Let g(v) = 2*d(v) + 5*j(v). Suppose 27 = m + 3*w + 21, 3*m = 5*w + 88. Let p be (m*3/9)/(-1). Give g(p).
-17
Let y(v) = v**3 - 2*v**2 + 5. Let j be y(0). Suppose l = -2*g, -3*g - g - j*l = 0. Let c(m) = -m**2 - m + 5. Calculate c(g).
5
Let h(u) = -161*u + 180. Let r be h(3). Let s = r - -292. Let n(b) = -b**2 - 12*b - 13. Calculate n(s).
-2
Let n(a) = 4*a**2 + 13 + 2*a**2 - a**3 + 13*a - 11*a - 10. Let q be (((-63)/(-12))/(-7))/(99/(-660)). Determine n(q).
38
Suppose -4*v - 9*i = -5*i, -v = -3*i - 16. Let t be 0 - (v/(16/12) - 7). Let g(o) = 1 - t + 2 + 0 + 17*o. What is g(-1)?
-18
Let l(c) = 14*c - 78. Let g = -29638 + 29647. Determine l(g).
48
Suppose 3*n - 15 = 2*n. Let h(r) = -3*r + 44. Let c be h(n). Let u be ((-20)/8 - c)*4. Let p(v) = v**2 + 4*v - 6. Give p(u).
6
Let v = 428 + -451. Let s(d) = -d**3 - 23*d**2 - 5*d - 118. Let z be s(v). Let g(o) = -3*o**2 - 2*o. Give g(z).
-21
Suppose 0 = 35*z - 22*z - 22*z + 54. Let f(d) = -d**2 + 17*d - 85. Determine f(z).
-19
Let f(t) = -15 + 4*t**3 - 15*t**2 - 9*t - 3*t**3 + 10*t + t**2. Suppose 0 = 55*n - 628 - 142. What is f(n)?
-1
Let q(o) be the first derivative of o**2/2 + 29*o - 2139. Calculate q(-9).
20
Let b(n) = 34*n**2 + 2*n + 15. Let j(q) = 109*q**2 + 5*q + 46. Let d(v) = 16*b(v) - 5*j(v). Let u = -22 - -32. Calculate d(u).
-20
Let o be -12 - (16 - (-319)/(-11)). Let b(j) = -j + 8. Calculate b(o).
7
Let o be ((-99)/22)/(6/(-8)). Let u(m) = m**3 - 7*m**2 + 3*m - 1. Give u(o).
-19
Let d(y) = -129*y**2 + 134*y - 7. Let a(c) = 6*c**2 - c + 2. Let z(p) = -22*a(p) - d(p). Give z(-37).
0
Let c(i) = 3*i**2 + 2. Let v be -2*(-5 + -3) - (-9 + 11). Suppose -2*y = -2*n - v, 0 = 4*y + n + 19 - 22. What is c(y)?
14
Let u(m) = -42*m + 119. Let w(y) = 3*y**3 + 37*y**2 + 98*y - 45. Let g be w(-8). Give u(g).
-7
Let k(g) = -5*g**3 - g**2 + 3*g - 1. Let x = 6789 + -6788. What is k(x)?
-4
Let n(f) = f - 33 - 1354*f**2 - 3*f + f**3 + 1345*f**2 - 5*f. Determine n(10).
-3
Let n = 4903 + -4901. Let c(p) be the first derivative of 0*p - 1/3*p**3 - 10 + 0*p**n + 1/4*p**4. Calculate c(2).
4
Let t(n) = -9*n**2 + 5*n + 1. Let p(v) = 4*v**2 - 2*v - 1. Let d(g) = 5*p(g) + 2*t(g). Suppose w - 1 = -4, -b - 278 = -4*w. Let s = 287 + b. Determine d(s).
15
Let h(w) be the first derivative of -w**5/20 + w**4/2 - w**3/6 + 7*w**2/2 - 5*w - 61. Let d(v) be the first derivative of h(v). Give d(6).
1
Let p be ((-66)/15 + 4)*-5. Suppose 2*m = -4 - p. Let o(l) = -2*l - 2. Let z(d) = -3*d - 2. Let v(q) = -5*o(q) + 3*z(q). Calculate v(m).
1
Let r(c) = -5*c**2 - 6*c + 2. Let j be (-10)/6 - (-8)/(-6). Determine r(j).
-25
Let r(l) = 4*l**2 - 1. Suppose q - 4*k = -3 - 8, -4*q = -k + 89. Let v = -17 - q. Suppose -v*o + 1 = -5. Give r(o).
3
Suppose 30*r - 2024 = 22*r. Suppose r = 3*g + 5*a, -4*g + 75 + 244 = 3*a. Let u = 68 - g. Let d(m) = -m**3 - 9*m**2 - 9*m + 8. Give d(u).
16
Let j(o) = o**3 - 6*o**2 + 4. Let m be -6 - 333/6*20/15. Let f be 1208/(-14) + (-2)/(-7). Let h = m - f. Calculate j(h).
4
Let q(y) = -3*y - 2*y**2 + y**2 + 15 + 20 - 36. Let s(h) = -h**3 + 4*h**2 + 3*h - 6. Let x be s(4). Let z = x - 8. What is q(z)?
1
Suppose 21*k = 41 + 211. Let v(w) = -5*w + 66. Let r be v(k). Let p(y) = -y**2 - 2*y - 10. Let l(m) = 5*m**2 + 8*m + 41. Let i(b) = -2*l(b) - 9*p(b). Give i(r).
-16
Suppose 4*l = 13*n - 16*n + 2, l + n - 1 = 0. Let z(m) = 8*m**3 - 2*m - 1 + 1957*m**2 + 0*m**3 - 1958*m**2. Determine z(l).
-8
Let d(y) = y**2 - 8*y - 8. Suppose 3*q + 5*t + 17 = 7*q, 5*t - 7 = -4*q. Determine d(q).
-23
Let n(m) = -m - 16. Let k be n(-20). Suppose -k*t - 13 = 2*v + 19, -4*v - 22 = t. Let q(f) = -f**3 - 7*f**2 - 3*f + 8. What is q(t)?
-10
Let w be 1 + -9*(-6)/3 + 4. Suppose 